h) = 7*h - 1. Suppose 2*t - 6*t = x - 17, x - t = -3. Is a(x) a composite number?
True
Let z = 758 + -385. Is z composite?
False
Suppose 9*m + 12 = 6*m. Let h(k) = -37*k - 5. Is h(m) prime?
False
Let y = -46 + 25. Is (1778/y)/(4/(-6)) a composite number?
False
Let w(z) = z**3 + 6*z**2 - 12*z - 1. Is w(-6) a prime number?
True
Let m(c) = -9*c + 0 - 2 - 6 + 3. Is m(-8) composite?
False
Let j = -11 + 17. Suppose -4*w + 16 = 5*h - h, -h = 2*w - j. Suppose 4*c + 77 = h*l + 377, 4*l = 3*c - 215. Is c a prime number?
False
Let r(w) = -410*w - 1. Let i = 5 - 6. Is r(i) a prime number?
True
Suppose 3*o = -2*n + 1048, 2307 = 4*n - 2*o + 227. Is n prime?
True
Let m = -81 + 96. Is m composite?
True
Let a(l) be the second derivative of l**4/6 - 3*l**3/2 + l**2 + 4*l. Is a(7) a composite number?
False
Suppose -2*p = 4*p - 7824. Suppose -2*k + k - 2*u = -323, -4*k = 5*u - p. Is k a prime number?
True
Is 2 + 778/(-4)*(-2 + 0) prime?
False
Is (-570)/(0 - 3) + 1 a prime number?
True
Let z(w) = -w**2 - 8*w + 9. Let x be z(-9). Let m = 3 + x. Suppose -23 = 2*h - m*h. Is h prime?
True
Let u be 3/((3/(-24))/(-1)). Suppose 2*z + 3 = 17. Let x = u + z. Is x prime?
True
Let g(m) = 0 + 4*m**2 - 1 - m**2 + m. Is g(6) a prime number?
True
Suppose 0 = -3*n + 3*d + 90, 0*d = 5*n + 5*d - 150. Suppose -q + 3 = 5*o - 12, 0 = -4*q - 5*o + n. Suppose q*y = 3*r - 131 - 50, 2*r - 150 = -4*y. Is r prime?
True
Let l = 4 + -2. Suppose -402 = -l*s - 80. Is s prime?
False
Let x(p) = p**3 + 7*p**2 - 6. Let v be x(-5). Suppose 0 = -4*r + 3*a + 44, 0 = 2*r + 3*a + a - v. Is (r/(-8))/(3/(-12)) a prime number?
True
Let y(s) = 99*s**2 + s + 3. Is y(-2) composite?
False
Suppose 4*d - 1540 = 1680. Suppose -5*m = 5*a - d, 0 = 2*a + 2*a. Is m a prime number?
False
Suppose -r - 5*i - 3 = 0, 0*i = -r - 4*i + 1. Suppose r = -2*m + 3*m. Suppose -3 = 2*n - m. Is n a prime number?
True
Let a = -10 + 16. Let h(m) = m**2 + 4*m - 7. Let j be h(a). Let n = -34 + j. Is n prime?
True
Let m(y) = 4*y**2 - 2 - 3 + 2*y + 7*y**2 - 3*y**2. Is m(4) a prime number?
True
Suppose s + 6*d - 2*d + 57 = 0, -5*s - 3*d = 319. Let u = s - -114. Is u a prime number?
False
Let b(a) = 4*a**2 - 3*a + 2. Let n be b(1). Suppose 4*m = p + 3140, 3*m + n*p - 2355 = 4*p. Is m a prime number?
False
Suppose 4 = 4*v, -2*j + 9 = -0*v + v. Suppose 3*z + j*m - 397 = 0, 7*m - 2*m - 655 = -5*z. Is z a composite number?
False
Let z(o) = o + 167. Let q be z(0). Suppose -q = -3*u + 4*v, 4*u - u - 161 = v. Suppose u + 25 = 3*t. Is t a prime number?
False
Let g = -137 - -282. Is g a prime number?
False
Suppose 2*w = 5*t + 11, -5*t + 0 = w + 2. Let b be (-1)/((-2)/164)*t. Let s = b + 121. Is s a prime number?
False
Let j(i) = i + i**2 + 0*i**2 + 7 + 7*i. Let n be j(-7). Suppose n = 2*z - 5*r - 24, 3*z + 5*r - 3 - 8 = 0. Is z composite?
False
Suppose 98 = -4*a + 678. Is a a composite number?
True
Suppose 2*t - 3*n - 8438 = n, -3*t - 5*n = -12712. Is t a composite number?
False
Suppose -7*q = -q - 546. Is q a composite number?
True
Suppose -6*i = -8539 + 1945. Is i prime?
False
Suppose -3*b + 67 = 418. Suppose 776 = -4*r - 5*m, 3*r + 77 + 505 = -5*m. Let o = b - r. Is o a prime number?
False
Let c = 422 + -283. Is c a prime number?
True
Let i(c) = c**3 - 5*c**2 + 3*c - 4. Let o be i(4). Let l be (-4)/(-2) + (-8)/o. Suppose -4*z + 652 = l*k, 2*z = 5*k + 118 + 208. Is z composite?
False
Is (0 + 9726)/2 - 2 a prime number?
True
Let w(d) = d**3 + 15*d**2 + 14*d + 5. Is w(-9) a prime number?
False
Let q(m) = 4*m - 7. Let k be q(3). Suppose 0 = 5*p - k*b - 190, 5*p - 3*p - 70 = -4*b. Is p a composite number?
False
Let l(m) = 5*m - 3. Let b(z) = 2*z - 2. Let k(h) = -7*b(h) + 3*l(h). Let g be k(0). Suppose -q = 1 - 5, -g*j = -5*q - 465. Is j a prime number?
True
Let w = -151 - -308. Let c = 306 - w. Is c composite?
False
Let q be (-1)/6 - (-21822)/36. Suppose -j + q = 2*m, 5*m - 1840 = -3*j - 323. Is m composite?
True
Let d(k) = -9*k - 5. Let u(m) = 8*m + 6. Let v(j) = 5*d(j) + 4*u(j). Is v(-6) prime?
False
Suppose 0 = 6*m - 7*m + 589. Suppose -m = -5*c - h, 0 = 2*c - 0*h + 3*h - 233. Is c composite?
True
Suppose 2*t = u + 119, 5*t + 2*u = 3*u + 296. Is t a prime number?
True
Suppose 4*q - 16 = 0, 2*j - 3*q - q + 10 = 0. Suppose -2*x + 6 = 4*y, x = -4*y - j*x + 12. Is (14 - y) + (-5 - -5) a prime number?
False
Let w = -15 - -20. Suppose m = -w*u + 433, -6*m = -u - 2*m + 74. Is u composite?
True
Let i(p) = 33*p. Suppose 5*l - 5 = -0*l. Is i(l) prime?
False
Let g = 2382 - 1265. Is g prime?
True
Suppose -2*x - 46 = -3*u + 36, 5*u = 3*x + 136. Suppose -5*j = -5*z - 436 + u, 2*j - 149 = 5*z. Is j a prime number?
False
Suppose -5*p + 17 = 5*h - 3, 30 = 5*p - 5*h. Suppose -p*t + 406 = -3*t. Is t composite?
True
Let x(d) = -d + 1. Let n be x(-7). Suppose -3*h - 1 = -7, g - 2*h + n = 0. Let i = g + 14. Is i a composite number?
True
Let p = -7 + 4. Let t be (-1578)/(-9) + p/9. Suppose -c + 57 = -2*v + 4*v, -5*v + 4*c + t = 0. Is v a composite number?
False
Suppose 3*j - 635 = -2*j. Is j a prime number?
True
Let x(q) = q**3 - 5*q**2 + 3*q. Let f be x(4). Let c be (16/(-10))/f*5. Is -3 + (63 - -1) - c prime?
True
Let n be (-3 + 0)/(3/2). Is (5 + -4)/(n/(-92)) composite?
True
Let i(h) = 4*h**2 + 10*h - 11. Let d = -14 + 6. Let y be i(d). Suppose -3*c + 33 = v, -5*v + 2*c = -2*c - y. Is v a prime number?
False
Is ((-623)/21)/((-1)/3) a prime number?
True
Suppose 5*n + 104 = 4*j, -j - 4*j + 3*n + 130 = 0. Let i = j - -7. Let a = i - -4. Is a prime?
True
Let d(u) = 2303*u**2 - 2*u + 1. Is d(1) composite?
True
Let z(k) = 17*k + 3. Let v(f) = -9*f - 2. Let o(i) = 13*v(i) + 6*z(i). Is o(-9) composite?
False
Suppose 1 = 3*q - 5. Suppose -q*d = 3*d. Let u(r) = r + 6. Is u(d) prime?
False
Let r(l) = l**2 + 2. Let f be r(0). Let o(g) = 7*g - 1 - 2 + 9*g**f + 4 + g**3. Is o(-6) prime?
True
Let y(q) = q**2 - q. Let g be y(-1). Suppose 0*w + w - g = 0. Suppose w*d = -2*d + 56. Is d composite?
True
Let x(y) = -4*y**3 + 3*y**2 + 8*y + 1. Let u be x(-6). Suppose -u = -8*l + 3*l. Is l composite?
True
Let x = 14 + -9. Suppose -2*w - 2*s + 22 = 0, w - 3 = s - 0*s. Is (w + 0)*(x + -2) prime?
False
Let z(f) = f**3 + 115. Let o be 1/(-2) + (-2)/(-4). Is z(o) a composite number?
True
Suppose -5*m - 7*m = -10236. Is m prime?
True
Let o(v) = -4 + v**2 - 2*v**2 + v + 63 - 6. Is o(0) composite?
False
Let q(a) = a**3 - a**2 + a - 1. Let f be q(0). Is f/(-2)*212/2 a composite number?
False
Suppose 2*v - 2*u - 3*u - 2 = 0, -2*u - 2 = -2*v. Suppose v = 3*f - 5. Suppose 0 = f*n - l - 106, -2*n + 3*l = 2*n - 208. Is n a composite number?
True
Let n(h) = 13*h**2 - h - 3. Is n(-4) prime?
False
Let q = -1 + 9. Suppose -2*x + 34 = q. Is x prime?
True
Let l = -6 + 8. Suppose -26 = 4*i - l*i. Let q = i + 108. Is q a prime number?
False
Let z = -1 + -1. Let u be 3*(1 - z/(-6)). Suppose 4*j + 1047 = 4*a + 3*j, -2*a + 536 = u*j. Is a a prime number?
True
Suppose 5*a = 2*c + 82, -2*a - 4*c = 3*a - 76. Suppose l = 3*l - a. Suppose -l = -3*b + 97. Is b a prime number?
False
Suppose -1 = 5*h + 4. Let k = h - -1. Suppose -4 = -2*f - 2*c - 3*c, -c = k. Is f a composite number?
False
Suppose 2872 = 3*t + 5*p, 0 = 3*t + p - 2*p - 2878. Is t composite?
True
Let f(l) = -l**3 + 5*l**2 - 5*l + 6. Let p be f(4). Let n(t) = 20*t**2 - 3*t + 3. Is n(p) composite?
True
Suppose -v = -3*t - 12, -2*v = -5*t + t - 16. Suppose -k + 176 = 5*z + 38, 5*z + 5 = v. Is k a composite number?
True
Suppose 3*p = -0*p + 6. Suppose 0*n + 242 = p*n. Is n composite?
True
Let p = -2370 + 4205. Is p prime?
False
Let n(r) = 10*r - 23. Is n(6) composite?
False
Let d = -2 + 4. Suppose -3*w - d*x + 25 = 2*w, 3*w = -x + 15. Suppose w*u = 66 + 29. Is u a prime number?
True
Let j = 4 + -4. Suppose -4*s + j*s = -308. Is s composite?
True
Let a = -773 + 1152. Is a prime?
True
Let m = 4 - 4. Suppose 0*z - 2*z + 20 = m. Is z a composite number?
True
Suppose -n - 3*x = -416, 5*x + 1579 = 6*n - 2*n. Suppose -1648 = -3*t + n. Is t a prime number?
True
Suppose -5*v + 2*f + 129 = 0, -3*v - v - 4*f = -92. Suppose -4*k = -0*k, o + 3*k + 6 = 0. Let s = v + o. Is s a composite number?
False
Let n(d) = d + 3. Let c be n(-6). Let w(r) = -7. Let k(v) = -v + 20. Let a(t) = 4*k(t) + 11*w(t). Is a(c) a composite number?
True
Let t(q) = -220*q**3 - q**2 - 5*q - 7. Is